{"id":4086,"date":"2021-02-01T12:43:03","date_gmt":"2021-02-01T11:43:03","guid":{"rendered":"https:\/\/cirzem.pl\/?page_id=4086"},"modified":"2023-02-02T14:29:54","modified_gmt":"2023-02-02T13:29:54","slug":"promocja-gospodarcza","status":"publish","type":"page","link":"https:\/\/cirzem.pl\/index.php\/promocja-gospodarcza\/","title":{"rendered":"Promocja gospodarcza"},"content":{"rendered":"<p>[vc_row][vc_column][vc_custom_heading text=&#8221;Promocja gospodarcza&#8221; font_container=&#8221;tag:h3|font_size:38px|text_align:left|color:%230a0a0a&#8221; css=&#8221;.vc_custom_1612179749829{margin-bottom: 20px !important;}&#8221;][vc_column_text]Dostosowanie si\u0119 zak\u0142ad\u00f3w rzemie\u015blniczych do funkcjonowania na wsp\u00f3lnym rynku unijnym m.in. w zakresie jako\u015bci, wzornictwa, certyfikat\u00f3w, stawia przed organizacjami rzemie\u015blniczymi wysokie wymagania.<\/p>\n<p><strong>Cz\u0119stochowska Izba Rzemios\u0142a i Przedsi\u0119biorczo\u015bci<\/strong>\u00a0podejmuje wi\u0119c dzia\u0142ania wspomagaj\u0105ce \u015brodowisko rzemie\u015blnicze w tym zakresie. Izba utrzymuje kontakt z Polskim Centrum Bada\u0144 i Certyfikacji, kt\u00f3re umo\u017cliwia uzyskiwanie certyfikat\u00f3w na wyroby i us\u0142ugi. Na szczeg\u00f3ln\u0105 uwag\u0119 zas\u0142uguje stosowanie dyrektyw nowego podej\u015bcia i oznaczanie wyrob\u00f3w znakiem CE. Polscy przedsi\u0119biorcy winni bezwzgl\u0119dnie spe\u0142nia\u0107 ten wym\u00f3g. Szeroko propagowane jest r\u00f3wnie\u017c wprowadzanie w zak\u0142adach produkuj\u0105cych \u017cywno\u015b\u0107 systemu bezpiecze\u0144stwa HACCP. Na okresowych spotkaniach ze \u015brodowiskiem rzemie\u015blniczym tematyk\u0119 t\u0119 prezentuj\u0105 przedstawiciele\u00a0<strong>Powiatowej Stacji Sanitarno-Epidemiologicznej w Cz\u0119stochowie<\/strong>. Z funkcjonowaniem firmy \u015bci\u015ble wi\u0105\u017ce si\u0119 ochrona \u015brodowiska. Wymogi unijne stawiane w tym zakresie to ustawowy obowi\u0105zek rozliczania si\u0119 przedsi\u0119biorc\u00f3w z zanieczyszcze\u0144 wprowadzanych do powietrza, wody i gleby oraz gospodarowania odpadami. Izba sporz\u0105dza przedsi\u0119biorcom okresowe rozliczenia. W ramach wsp\u00f3\u0142pracy z Urz\u0119dem Marsza\u0142kowskim w Cz\u0119stochowie organizowane s\u0105 cykliczne szkolenia na kt\u00f3rych omawia si\u0119 wymagania dotycz\u0105ce ochrony \u015brodowiska.<\/p>\n<p><strong>Cz\u0119stochowska Izba Rzemios\u0142a i Przedsi\u0119biorczo\u015bci<\/strong>\u00a0ma podpisane porozumienie z\u00a0<strong>Okr\u0119gowym Inspektoratem Pracy w Katowicach<\/strong>. W ramach wsp\u00f3\u0142pracy prowadzone s\u0105 dzia\u0142ania maj\u0105ce na celu popraw\u0119 warunk\u00f3w bhp i p.po\u017c w zak\u0142adach. Na okresowych spotkaniach organizowanych ze \u015brodowiskiem rzemie\u015blniczym przedstawiciele PIP omawiaj\u0105 sprawy dotycz\u0105ce Kodeksu pracy. Wa\u017cn\u0105 rol\u0119 w dzia\u0142alno\u015bci Izby odgrywa wsp\u00f3\u0142praca z mediami, g\u0142\u00f3wnie z tygodnikiem regionalnym\u00a0<strong>\u201eGazeta Cz\u0119stochowska\u201d<\/strong>. W publikowanym, w ramach tej gazety, magazynie\u00a0<strong>\u201eGospodarka i Rzemios\u0142o\u201d<\/strong>\u00a0ukazuj\u0105 si\u0119 artyku\u0142y o tematyce gospodarczej, finansowej, prawnej \u2013 stanowi\u0105ce istotne \u017ar\u00f3d\u0142o informacji dla przedsi\u0119biorc\u00f3w. Przy Zarz\u0105dzie Cz\u0119stochowskiej Izby Rzemios\u0142a i Przedsi\u0119biorczo\u015bci dzia\u0142aj\u0105 Komisje Bran\u017cowe: Fryzjersko-Kosmetyczna i Motoryzacyjna. Komisje \u015bci\u015ble wsp\u00f3\u0142pracuj\u0105c ze swoimi odpowiednikami przy Zwi\u0105zku Rzemios\u0142a Polskiego. Podejmuj\u0105 dzia\u0142ania interwencyjne, organizuj\u0105 szkolenia i pokazy, okre\u015blaj\u0105 rentowne zasady rozliczania us\u0142ug, opiniuj\u0105 projekty akt\u00f3w prawnych. Przedstawione powy\u017cej dzia\u0142ania Izby w zakresie promocji to cz\u0119\u015b\u0107 zagadnie\u0144 oferowanych przedsi\u0119biorcom.<\/p>\n<p>Zainteresowani mog\u0105 uzyska\u0107 r\u00f3wnie\u017c informacje dotycz\u0105ce targ\u00f3w, ofert wsp\u00f3\u0142pracy, kooperacji, obowi\u0105zuj\u0105cych przepis\u00f3w. Przedsi\u0119biorcy zostan\u0105 te\u017c ukierunkowani w sprawach, kt\u00f3re nie le\u017c\u0105 bezpo\u015brednio w kompetencji Izby.<\/p>\n<p><strong>Wszystkich zainteresowanych zapraszamy o biura Izby, pok. 10, tel.: 34\/324-17-22<\/strong>[\/vc_column_text][\/vc_column][\/vc_row]<\/p>\n","protected":false},"excerpt":{"rendered":"<p>[vc_row][vc_column][vc_custom_heading text=&#8221;Promocja gospodarcza&#8221; font_container=&#8221;tag:h3|font_size:38px|text_align:left|color:%230a0a0a&#8221; css=&#8221;.vc_custom_1612179749829{margin-bottom: 20px !important;}&#8221;][vc_column_text]Dostosowanie si\u0119 zak\u0142ad\u00f3w rzemie\u015blniczych do funkcjonowania na wsp\u00f3lnym rynku unijnym m.in. w zakresie jako\u015bci, wzornictwa, certyfikat\u00f3w, stawia przed organizacjami rzemie\u015blniczymi wysokie wymagania. Cz\u0119stochowska Izba Rzemios\u0142a i Przedsi\u0119biorczo\u015bci\u00a0podejmuje wi\u0119c dzia\u0142ania wspomagaj\u0105ce \u015brodowisko rzemie\u015blnicze w tym zakresie. Izba utrzymuje kontakt z Polskim Centrum Bada\u0144 i Certyfikacji, kt\u00f3re umo\u017cliwia uzyskiwanie certyfikat\u00f3w na [&hellip;]<\/p>\n","protected":false},"author":3,"featured_media":0,"parent":0,"menu_order":0,"comment_status":"closed","ping_status":"closed","template":"","meta":{"footnotes":""},"class_list":["post-4086","page","type-page","status-publish","hentry"],"_links":{"self":[{"href":"https:\/\/cirzem.pl\/index.php\/wp-json\/wp\/v2\/pages\/4086","targetHints":{"allow":["GET"]}}],"collection":[{"href":"https:\/\/cirzem.pl\/index.php\/wp-json\/wp\/v2\/pages"}],"about":[{"href":"https:\/\/cirzem.pl\/index.php\/wp-json\/wp\/v2\/types\/page"}],"author":[{"embeddable":true,"href":"https:\/\/cirzem.pl\/index.php\/wp-json\/wp\/v2\/users\/3"}],"replies":[{"embeddable":true,"href":"https:\/\/cirzem.pl\/index.php\/wp-json\/wp\/v2\/comments?post=4086"}],"version-history":[{"count":5,"href":"https:\/\/cirzem.pl\/index.php\/wp-json\/wp\/v2\/pages\/4086\/revisions"}],"predecessor-version":[{"id":4598,"href":"https:\/\/cirzem.pl\/index.php\/wp-json\/wp\/v2\/pages\/4086\/revisions\/4598"}],"wp:attachment":[{"href":"https:\/\/cirzem.pl\/index.php\/wp-json\/wp\/v2\/media?parent=4086"}],"curies":[{"name":"wp","href":"https:\/\/api.w.org\/{rel}","templated":true}]}}