{"id":4033,"date":"2021-02-01T00:50:34","date_gmt":"2021-01-31T23:50:34","guid":{"rendered":"https:\/\/cirzem.pl\/?page_id=4033"},"modified":"2025-01-09T13:57:30","modified_gmt":"2025-01-09T12:57:30","slug":"egzamin-mistrzowski","status":"publish","type":"page","link":"https:\/\/cirzem.pl\/index.php\/egzamin-mistrzowski\/","title":{"rendered":"Egzamin mistrzowski"},"content":{"rendered":"<p>[vc_row][vc_column][vc_custom_heading text=&#8221;Warunki dopuszczenia do egzaminu mistrzowskiego&#8221; font_container=&#8221;tag:h3|font_size:38px|text_align:left|color:%230a0a0a&#8221; css=&#8221;.vc_custom_1612136796796{margin-bottom: 20px !important;}&#8221;][vc_column_text]Do egzaminu kwalifikacyjnego na tytu\u0142 mistrza mo\u017ce przyst\u0105pi\u0107 osoba, kt\u00f3ra spe\u0142nia warunki dotycz\u0105ce sta\u017cu pracy, rodzaju i zakresu posiadanych kwalifikacji zawodowych lub typu uko\u0144czonej szko\u0142y zawodowej, przy czym kandydat musi uko\u0144czy\u0107 co najmniej szko\u0142\u0119 ponadgimnazjalnych.<\/p>\n<p>Izba Rzemie\u015blnicza dopuszcza do egzaminu mistrzowskiego osob\u0119, kt\u00f3ra:<\/p>\n<ul>\n<li>Posiada tytu\u0142 czeladnika lub r\u00f3wnorz\u0119dny w zawodzie i po uzyskaniu tego tytu\u0142u co najmniej trzyletni sta\u017c pracy, albo \u0142\u0105cznie przed i po uzyskaniu tytu\u0142u zawodowego \u2013 co najmniej sze\u015bcioletni sta\u017c pracy oraz \u015bwiadectwo uko\u0144czenia szko\u0142y ponadgimnazjalnej (albo dotychczas szko\u0142y ponadpodstawowej ), lub<\/li>\n<li>Przez okres co najmniej sze\u015bciu lat samodzielnie wykonywa\u0142a zaw\u00f3d w ramach prowadzonej dzia\u0142alno\u015bci gospodarczej i posiada \u015bwiadectwo uko\u0144czenia szko\u0142y ponadgimnazjalnej ( ponadpodstawowej ), lub<\/li>\n<li>Jest czeladnikiem lub ma tytu\u0142 r\u00f3wnorz\u0119dny w zawodzie, a po uzyskaniu tytu\u0142u ma co najmniej trzyletni sta\u017c pracy w zawodzie wchodz\u0105cym w zakres danego zawodu (pokrewnym) oraz \u015bwiadectwo uko\u0144czenia szko\u0142y ponadgimnazjalnej (ponadpodstawowej ), lub<\/li>\n<li>Posiada tytu\u0142 mistrza w zawodzie i po jego uzyskaniu, co najmniej roczny sta\u017c pracy w zawodzie, wchodz\u0105cym w zakres danego zawodu (pokrewnym) oraz \u015bwiadectwo szko\u0142y ponadgimnazjalnej (ponadpodstawowej), lub<\/li>\n<li>Posiada \u015bwiadectwo uko\u0144czenia szko\u0142y ponadgimnazjalnej ( ponadpodstawowej ), daj\u0105cych wykszta\u0142cenie \u015brednie, w zawodzie wchodz\u0105cym w zakres zawodu, w kt\u00f3rym poddaje si\u0119 egzaminowi i tytu\u0142 zawodowy w tym zawodzie oraz po uzyskaniu tytu\u0142u zawodowego co najmniej 2-letni sta\u017c pracy,<\/li>\n<li>Posiada dyplom uko\u0144czenia szko\u0142y wy\u017cszej na kierunku lub w specjalno\u015bci w zakresie wchodz\u0105cym w zakres zawodu \u201e egzaminowanego \u201d i po uzyskaniu tytu\u0142u zawodowego, co najmniej roczny sta\u017c pracy w zawodzie.<\/li>\n<\/ul>\n<p>Dyplom mistrzowski jest dokumentem potwierdzaj\u0105cym najwy\u017csze kwalifikacje rzemie\u015blnicze w zawodzie i u\u0142atwia posiadaczowi samodzielne prowadzenie dzia\u0142alno\u015bci gospodarczej oraz zajmowanie stanowisk kierowniczych w przedsi\u0119biorstwie, a tak\u017ce jest dokumentem uprawniaj\u0105cym do szkolenia m\u0142odocianych pracownik\u00f3w ( wraz ze \u015bwiadectwem uko\u0144czenia kursu pedagogicznego ).[\/vc_column_text][vc_custom_heading text=&#8221;Struktura egzaminu mistrzowskiego&#8221; font_container=&#8221;tag:h3|font_size:38px|text_align:left|color:%230a0a0a&#8221; css=&#8221;.vc_custom_1612136862841{margin-bottom: 20px !important;}&#8221;][vc_column_text]Egzamin mistrzowski odbywa si\u0119 w dw\u00f3ch etapach: praktycznym i teoretycznym<\/p>\n<p><strong>ETAP PRAKTYCZNY<\/strong>\u00a0\u2013 polega na samodzielnym wykonaniu przez zdaj\u0105cego zada\u0144 egzaminacyjnych, sprawdzaj\u0105cych umiej\u0119tno\u015bci praktyczne.<\/p>\n<p><strong>ETAP TEORETYCZNY\u00a0\u2013<\/strong>\u00a0sk\u0142ada si\u0119 z:<br \/>\ncz\u0119\u015bci pisemnej, polegaj\u0105cej na udzieleniu odpowiedzi na pytania z temat\u00f3w:<\/p>\n<ul>\n<li>rachunkowo\u015b\u0107 zawodowa<\/li>\n<li>dokumentacja dzia\u0142alno\u015bci gospodarczej<\/li>\n<li>rysunek zawodowy<\/li>\n<li>zasady bezpiecze\u0144stwa i higieny pracy oraz ochrony przeciwpo\u017carowej<\/li>\n<li>podstawowe zasady ochrony \u015brodowiska<\/li>\n<li>podstawowe przepisy prawa pracy<\/li>\n<li>podstawowa problematyka prawa gospodarczego i zarz\u0105dzania przedsi\u0119biorstwem<\/li>\n<li>podstawy psychologii i pedagogiki<\/li>\n<li>metodyka nauczaniacz\u0119\u015bci ustnej, polegaj\u0105cej na udzieleniu przez zdaj\u0105cego odpowiedzi na wylosowane pytania z temat\u00f3w :<\/li>\n<\/ul>\n<ul>\n<li>technologia<\/li>\n<li>maszynoznawstwo<\/li>\n<li>materia\u0142oznawstwo<\/li>\n<\/ul>\n<p>[\/vc_column_text][vc_custom_heading text=&#8221;Wymagane dokumenty do egzaminu mistrzowskiego&#8221; font_container=&#8221;tag:h3|font_size:38px|text_align:left|color:%230a0a0a&#8221; css=&#8221;.vc_custom_1612136917267{margin-bottom: 20px !important;}&#8221;][vc_column_text]<\/p>\n<ul>\n<li>Wniosek o dopuszczenie do egzaminu mistrzowskiego<\/li>\n<li>Dokument kwalifikacji zawodowych (np. \u015bwiadectwo czeladnicze)<\/li>\n<li>Dokument(y) potwierdzaj\u0105cy(e) wymagany okres wykonywania zawodu<\/li>\n<li>\u015awiadectwo uko\u0144czenia co najmniej szko\u0142y ponadgimnazjalnej albo dotychczasowej szko\u0142y ponadpodstawowej<\/li>\n<li>Potwierdzenie wniesienia op\u0142aty (op\u0142at\u0119 za egzamin mo\u017cna dokona\u0107 w kasie Izby lub na konto Cz\u0119stochowskiej\u00a0 Izby Rzemios\u0142a i Przedsi\u0119biorczo\u015bci)<\/li>\n<\/ul>\n<p>Osoby posiadaj\u0105ce uprawnienia pedagogiczne (kurs pedagogiczny dla instruktor\u00f3w praktycznej nauki zawodu lub przygotowanie pedagogiczne wymagane od nauczycieli) okre\u015blone w przepisach wydanych na podstawie art.70 ust.4 ustawy z dnia 7 wrze\u015bnia 1991 r. o systemie o\u015bwiaty,\u00a0s\u0105 zwolnione\u00a0ze zdawania egzaminu mistrzowskiego z zakresu temat\u00f3w: podstawy psychologii i pedagogiki oraz z metodyki nauczania.[\/vc_column_text][vc_custom_heading text=&#8221;Druki do pobrania do egzaminu mistrzowskiego&#8221; font_container=&#8221;tag:h3|font_size:38px|text_align:left|color:%230a0a0a&#8221; css=&#8221;.vc_custom_1706175207288{margin-bottom: 20px !important;}&#8221;][vc_column_text]<a href=\"https:\/\/cirzem.pl\/wp-content\/uploads\/2025\/01\/wniosek-mistrz.docx\">wniosek-mistrz<\/a><\/p>\n<p><a href=\"https:\/\/cirzem.pl\/wp-content\/uploads\/2024\/12\/klauzula-RODO-do-wniosku-mistrzowskiego-1.pdf\">klauzula RODO do wniosku mistrzowskiego<\/a>.pdf[\/vc_column_text][\/vc_column][\/vc_row]<\/p>\n","protected":false},"excerpt":{"rendered":"<p>[vc_row][vc_column][vc_custom_heading text=&#8221;Warunki dopuszczenia do egzaminu mistrzowskiego&#8221; font_container=&#8221;tag:h3|font_size:38px|text_align:left|color:%230a0a0a&#8221; css=&#8221;.vc_custom_1612136796796{margin-bottom: 20px !important;}&#8221;][vc_column_text]Do egzaminu kwalifikacyjnego na tytu\u0142 mistrza mo\u017ce przyst\u0105pi\u0107 osoba, kt\u00f3ra spe\u0142nia warunki dotycz\u0105ce sta\u017cu pracy, rodzaju i zakresu posiadanych kwalifikacji zawodowych lub typu uko\u0144czonej szko\u0142y zawodowej, przy czym kandydat musi uko\u0144czy\u0107 co najmniej szko\u0142\u0119 ponadgimnazjalnych. Izba Rzemie\u015blnicza dopuszcza do egzaminu mistrzowskiego osob\u0119, kt\u00f3ra: Posiada tytu\u0142 czeladnika [&hellip;]<\/p>\n","protected":false},"author":3,"featured_media":0,"parent":0,"menu_order":0,"comment_status":"closed","ping_status":"closed","template":"","meta":{"footnotes":""},"class_list":["post-4033","page","type-page","status-publish","hentry"],"_links":{"self":[{"href":"https:\/\/cirzem.pl\/index.php\/wp-json\/wp\/v2\/pages\/4033","targetHints":{"allow":["GET"]}}],"collection":[{"href":"https:\/\/cirzem.pl\/index.php\/wp-json\/wp\/v2\/pages"}],"about":[{"href":"https:\/\/cirzem.pl\/index.php\/wp-json\/wp\/v2\/types\/page"}],"author":[{"embeddable":true,"href":"https:\/\/cirzem.pl\/index.php\/wp-json\/wp\/v2\/users\/3"}],"replies":[{"embeddable":true,"href":"https:\/\/cirzem.pl\/index.php\/wp-json\/wp\/v2\/comments?post=4033"}],"version-history":[{"count":13,"href":"https:\/\/cirzem.pl\/index.php\/wp-json\/wp\/v2\/pages\/4033\/revisions"}],"predecessor-version":[{"id":5026,"href":"https:\/\/cirzem.pl\/index.php\/wp-json\/wp\/v2\/pages\/4033\/revisions\/5026"}],"wp:attachment":[{"href":"https:\/\/cirzem.pl\/index.php\/wp-json\/wp\/v2\/media?parent=4033"}],"curies":[{"name":"wp","href":"https:\/\/api.w.org\/{rel}","templated":true}]}}